101101
In base 12, what is -13 - 1a875?
-1a888
In base 3, what is 10 + -101221021000?
-101221020220
In base 14, what is -2 - -2a1c?
2a1a
In base 13, what is -98a + -16?
-9a3
In base 3, what is 202120010 + 1?
202120011
In base 8, what is 2 - -1701564?
1701566
In base 6, what is -4 - -31401532?
31401524
In base 9, what is 4 - 34611?
-34606
In base 14, what is 14392 - -1?
14393
In base 5, what is 4314 - 20?
4244
In base 8, what is -46573 + -5?
-46600
In base 11, what is -a + -429?
-438
In base 15, what is -31 - 3176?
-31a7
In base 15, what is -3 + -11ced?
-11d01
In base 2, what is 1101111101001001 - 10000?
1101111100111001
In base 3, what is 102211220 + -10?
102211210
In base 7, what is 2 - 466322?
-466320
In base 3, what is -211002002 - 0?
-211002002
In base 7, what is 30 + -45?
-15
In base 13, what is -8 + 9535?
952a
In base 11, what is 176a9 - -2?
17700
In base 15, what is -24e + -55?
-2a4
In base 11, what is 492 + -727?
-245
In base 9, what is -1003164 - 5?
-1003170
In base 3, what is -10201112 - 10001?
-10211120
In base 3, what is -120 - 112221102120?
-112221110010
In base 16, what is -3 + 3d443?
3d440
In base 16, what is 165946 - 2?
165944
In base 12, what is 5 - 849b0?
-849a7
In base 12, what is -310b0 + -5?
-310b5
In base 9, what is -41 + 6554?
6513
In base 11, what is 938 + 394?
1221
In base 14, what is -7 + 3b1?
3a8
In base 15, what is 2 + 81aa?
81ac
In base 2, what is 1100100011 - 1001100?
1011010111
In base 6, what is -143 + 342?
155
In base 7, what is 1 + -204602?
-204601
In base 3, what is 11 + -1100011122101?
-1100011122020
In base 2, what is 11101110010100110100 - 101?
11101110010100101111
In base 11, what is 4 + 2651?
2655
In base 15, what is 5bc - -12d?
6ea
In base 6, what is 112134 + 0?
112134
In base 13, what is 5 + 2707b?
27083
In base 12, what is -1263b - -2?
-12639
In base 15, what is 657e - -14?
6593
In base 13, what is -3 - 6c11?
-6c14
In base 14, what is 0 - a566?
-a566
In base 3, what is 1 + 102111001?
102111002
In base 7, what is -30536 + -4?
-30543
In base 14, what is 253 + -11bc?
-d69
In base 7, what is 4 - -1100530?
1100534
In base 15, what is 3818 - 9?
380e
In base 7, what is -65554 - -2?
-65552
In base 7, what is -3 - 640662?
-640665
In base 4, what is 1021 - 20022?
-13001
In base 12, what is -154a9 + -4?
-154b1
In base 6, what is -14550 - 133?
-15123
In base 2, what is 1110101 + -111100000010?
-111010001101
In base 6, what is 2 + -530143?
-530141
In base 14, what is -2653 + 1a?
-2637
In base 12, what is -2 + -19a20?
-19a22
In base 16, what is 1837 - -1b?
1852
In base 13, what is -5a - 1b7?
-244
In base 15, what is 5bc5 - 4a?
5b7a
In base 15, what is 0 - 5c77?
-5c77
In base 7, what is 12 + 246266?
246311
In base 4, what is 202 + -1003130?
-1002322
In base 7, what is 366 - -52361?
53060
In base 4, what is 301 - -10011330?
10012231
In base 15, what is -62 - b7?
-129
In base 11, what is 74046 - -51?
74097
In base 13, what is -a - -3c219?
3c20c
In base 7, what is 14465 + -5?
14460
In base 4, what is 103230020 + 21?
103230101
In base 3, what is -21100110221 - 10?
-21100111001
In base 4, what is 101323 - -2233?
110222
In base 14, what is 1a - -143?
15d
In base 16, what is ba041 - 1?
ba040
In base 11, what is -330 - 865?
-1095
In base 12, what is -75a6 + -10?
-75b6
In base 4, what is 0 + -1331333?
-1331333
In base 15, what is -34c - -95c?
610
In base 14, what is -2a8d09 + 3?
-2a8d06
In base 4, what is 210131331 + -30?
210131301
In base 3, what is 10101010 + 10012?
10111022
In base 3, what is -11221 + -1010021122?
-1010110120
In base 5, what is 4 + 131310?
131314
In base 16, what is -b + -1358?
-1363
In base 6, what is 0 - -32534?
32534
In base 14, what is -3851d7 - 2?
-3851d9
In base 6, what is -2005 - -1405?
-200
In base 14, what is -15c44a - -5?
-15c445
In base 9, what is 13013740 - -1?
13013741
In base 2, what is 1101010 + -11100000000?
-11010010110
In base 13, what is -13257a + -6?
-132583
In base 5, what is -4134031330 - -2?
-4134031323
In base 8, what is -517 + 13062?
12343
In base 7, what is 1212363 + -3?
1212360
In base 8, what is -5 - 3526227?
-3526234
In base 13, what is -2 + -23572?
-23574
In base 7, what is 3 + -105322?
-105316
In base 2, what is 111101011111 - 11110?
111101000001
In base 14, what is 5 - -a4a9?
a4b0
In base 9, what is -41 - 1753?
-1804
In base 12, what is 0 + 7368?
7368
In base 7, what is -152315 + 2?
-152313
In base 3, what is -121200 + -1100?
-200000
In base 13, what is 8 - -990?
998
In base 12, what is -56 - 7b?
-115
In base 5, what is 314303 + 1?
314304
In base 10, what is 1 - 295028?
-295027
In base 5, what is -32 + 302303?
302221
In base 10, what is 0 + 33842?
33842
In base 12, what is 1ab1a1 + -7?
1ab196
In base 3, what is -10202121100 + -20?
-10202121120
In base 15, what is -6 - 41cae?
-41cb5
In base 10, what is 1788 - -3?
1791
In base 8, what is 0 - -16717?
16717
In base 7, what is -1 - -64231?
64230
In base 13, what is 443 + 8?
44b
In base 14, what is 5b - 2d35?
-2cb8
In base 5, what is -3142031 - -4?
-3142022
In base 4, what is 110 - -12021102?
12021212
In base 7, what is 540 + -166?
341
In base 10, what is -6667 + 363?
-6304
In base 12, what is -4 - 33a52?
-33a56
In base 3, what is -11 - 20111110?
-20111121
In base 11, what is -5 + -19aa1?
-19aa6
In base 7, what is -1406556 - -3?
-1406553
In base 9, what is -2 - -63170?
63167
In base 6, what is 21 + 25523?
25544
In base 8, what is 4 - 237646?
-237642
In base 2, what is -111111110 + -10110?
-1000010100
In base 6, what is 15330343 + 3?
15330350
In base 13, what is -1 + -1b776?
-1b777
In base 5, what is -111131 + 43?
-111033
In base 11, what is -4 - -1877?
1873
In base 5, what is 21402 - -1?
21403
In base 6, what is 10344 + 13032?
23420
In base 15, what is -1 - 9582?
-9583
In base 3, what is 22112100 - 0?
22112100
In base 11, what is -4 + -20522?
-20526
In base 14, what is 5 + -4b3a1?
-4b39a
In base 8, what is -114 + 4322?
4206
In base 10, what is -464 + 2693?
2229
In base 5, what is -133413 + -1423?
-140341
In base 6, what is -3035223 + -4?
-3035231
In base 2, what is -10 + -100000110001101?
-100000110001111
In base 6, what is 12 - 300115?
-300103
In base 2, what is -1001010101 + 110?
-1001001111
In base 11, what is 5 + 13110?
13115
In base 16, what is -12 + 1031?
101f
In base 15, what is -4cda - 1?
-4cdb
In base 11, what is -38 + 2930?
28a3
In base 14, what is 25 - -2d27c?
2d2a3
In base 6, what is 141 - 501?
-320
In base 2, what is 1 - 11010100101011?
-11010100101010
In base 9, what is 1 + -624342?
-624341
In base 3, what is -10001211222 + -1?
-10001212000
In base 15, what is e074b - -3?
e074e
In base 12, what is 3b13 + 11?
3b24
In base 15, what is -1b - 271d?
-2739
In base 13, what is 2826 - -37?
2860
In base 15, what is -5 - -28c2?
28bc
In base 8, what is -154252 + 11?
-154241
In base 6, what is -2054214 + -5?
-2054223
In base 4, what is 130 - 30202?
-30012
In base 15, what is 1 + 1127?
1128
In base 14, what is -9b - 13d?
-1da
In base 15, what is -550a77 + -2?
-550a79
In base 4, what is -10 + -2002123312?
-2002123322
In base 16, what is -8f8e - 1?
-8f8f
In base 13, what is -13 + -17798?
-177ab
In base 15, what is 3 + -453e?
-453b
In base 8, what is 5434666 + 0?
5434666
In base 6, what is 1301251 - 24?
1301223
In base 6, what is -113420 - 30?
-113450
In base 6, what is -3 - -152242?
152235
In base 9, what is -5 + 875?
870
In base 3, what is -2010110012 - 100?
-2010110112
In base 16, what is -a8 - -6?
-a2
In base 14, what is 23 + 443?
466
In base 10, what is -6 + -17378?
-17384
In base 15, what is -29 - -109c?
1073
In base 14, what is 1ba + 9?
1c5
In base 2, what is 1 + -1010011011010000?
-1010011011001111
In base 12, what is -70 - -6?
-66
In base 4, what is -3 + 133001033?
133001030
In base 10, what is 33 + -5961?
-5928
In base 11, what is -8 - -4196a?
41962
In base 13, what is 1523 + 21?
1544
In base 3, what is 210200 + -1111022?
-200122
In base 14, what is 329 + -2013?
-1ac8
In base 12, what is -35b + 4?
-357
In base 12, what is 13 + -277bb?
-277a8
In base 3, what is 11011121122 + 10?
11011121202
In base 8, what is -1374 + 65?
-1307
In base 6, what is 5352 - -1353?
11145
In base 15, what is -1c1e0 + 6?
-1c1d9
In base 13, what is -15c18 + 2?
-15c16
In base 4, what is 10 - 101202?
-101132
In base 14, what is -4dc58 - 8?
-4dc6